{"id":16,"date":"2025-01-18T17:06:15","date_gmt":"2025-01-18T17:06:15","guid":{"rendered":"https:\/\/demosites.royal-elementor-addons.com\/travel-agency-v3\/?page_id=16"},"modified":"2026-03-15T07:53:25","modified_gmt":"2026-03-15T07:53:25","slug":"destination","status":"publish","type":"page","link":"https:\/\/www.mayamartravel.com\/index.php\/destination\/","title":{"rendered":"Destination"},"content":{"rendered":"\t\t<div data-elementor-type=\"wp-page\" data-elementor-id=\"16\" class=\"elementor elementor-16\">\n\t\t\t\t<div class=\"elementor-element elementor-element-bf07038 e-con-full e-flex wpr-particle-no wpr-jarallax-no wpr-parallax-no wpr-sticky-section-no wpr-equal-height-no e-con e-parent\" data-id=\"bf07038\" data-element_type=\"container\" data-e-type=\"container\">\n\t\t<div class=\"elementor-element elementor-element-3a59b5d e-con-full e-flex wpr-particle-no wpr-jarallax-no wpr-parallax-no wpr-sticky-section-no wpr-equal-height-no e-con e-child\" data-id=\"3a59b5d\" data-element_type=\"container\" data-e-type=\"container\" data-settings=\"{&quot;background_background&quot;:&quot;classic&quot;}\">\n\t\t<div class=\"elementor-element elementor-element-c1b6908 e-flex e-con-boxed wpr-particle-no wpr-jarallax-no wpr-parallax-no wpr-sticky-section-no wpr-equal-height-no e-con e-child\" data-id=\"c1b6908\" data-element_type=\"container\" data-e-type=\"container\">\n\t\t\t\t\t<div class=\"e-con-inner\">\n\t\t<div class=\"elementor-element elementor-element-330c7b9 e-flex e-con-boxed wpr-particle-no wpr-jarallax-no wpr-parallax-no wpr-sticky-section-no wpr-equal-height-no e-con e-child\" data-id=\"330c7b9\" data-element_type=\"container\" data-e-type=\"container\">\n\t\t\t\t\t<div class=\"e-con-inner\">\n\t\t\t\t<div class=\"elementor-element elementor-element-e278882 elementor-widget elementor-widget-heading\" data-id=\"e278882\" data-element_type=\"widget\" data-e-type=\"widget\" data-widget_type=\"heading.default\">\n\t\t\t\t\t<h2 class=\"elementor-heading-title elementor-size-default\">Destination<\/h2>\t\t\t\t<\/div>\n\t\t\t\t<div class=\"elementor-element elementor-element-29603ff elementor-widget elementor-widget-wpr-breadcrumbs-pro\" data-id=\"29603ff\" data-element_type=\"widget\" data-e-type=\"widget\" data-widget_type=\"wpr-breadcrumbs-pro.default\">\n\t\t\t\t\t<div class=\"wpr-post-breadcrumbs\"><ul class=\"wpr-breadcrumbs\"><li><a href=\"https:\/\/www.mayamartravel.com\">Accueil<\/a><\/li><li>\/<\/li><\/ul><\/div>\t\t\t\t<\/div>\n\t\t\t\t\t<\/div>\n\t\t\t\t<\/div>\n\t\t\t\t\t<\/div>\n\t\t\t\t<\/div>\n\t\t\t\t<\/div>\n\t\t\t\t<\/div>\n\t\t<div class=\"elementor-element elementor-element-85d2ce4 e-flex e-con-boxed wpr-particle-no wpr-jarallax-no wpr-parallax-no wpr-sticky-section-no wpr-equal-height-no e-con e-parent\" data-id=\"85d2ce4\" data-element_type=\"container\" data-e-type=\"container\">\n\t\t\t\t\t<div class=\"e-con-inner\">\n\t\t<div class=\"elementor-element elementor-element-8d0f37d e-flex e-con-boxed wpr-particle-no wpr-jarallax-no wpr-parallax-no wpr-sticky-section-no wpr-equal-height-no e-con e-child\" data-id=\"8d0f37d\" data-element_type=\"container\" data-e-type=\"container\">\n\t\t\t\t\t<div class=\"e-con-inner\">\n\t\t\t\t<div class=\"elementor-element elementor-element-aed13b4 elementor-widget elementor-widget-heading\" data-id=\"aed13b4\" data-element_type=\"widget\" data-e-type=\"widget\" data-widget_type=\"heading.default\">\n\t\t\t\t\t<h2 class=\"elementor-heading-title elementor-size-default\">Destinations vedettes\n<\/h2>\t\t\t\t<\/div>\n\t\t\t\t\t<\/div>\n\t\t\t\t<\/div>\n\t\t\t\t<div class=\"elementor-element elementor-element-02844a3 elementor-widget elementor-widget-text-editor\" data-id=\"02844a3\" data-element_type=\"widget\" data-e-type=\"widget\" data-widget_type=\"text-editor.default\">\n\t\t\t\t\t\t\t\t\t<p>Avec <strong data-start=\"33\" data-end=\"51\">Mayamar Travel<\/strong>, explorez les plus belles destinations \u00e0 travers le monde. Nous vous proposons des voyages sur mesure, des h\u00f4tels s\u00e9lectionn\u00e9s avec soin et des exp\u00e9riences uniques pour faire de chaque s\u00e9jour une aventure inoubliable. \u2708\ufe0f\ud83c\udf0d<\/p>\t\t\t\t\t\t\t\t<\/div>\n\t\t\t\t\t<\/div>\n\t\t\t\t<\/div>\n\t\t\t\t<\/div>\n\t\t","protected":false},"excerpt":{"rendered":"<p>Destination Accueil \/ Destinations vedettes Avec Mayamar Travel, explorez les plus belles destinations \u00e0 travers le monde. Nous vous proposons des voyages sur mesure, des h\u00f4tels s\u00e9lectionn\u00e9s avec soin et des exp\u00e9riences uniques pour faire de chaque s\u00e9jour une aventure inoubliable. \u2708\ufe0f\ud83c\udf0d All Posts Afrique Am\u00e9rique du sud Asie Budget Europe Famille Luxe Non class\u00e9 Solo Paris, France Paris, France Trip Make the most of your short time in Paris with&#8230; Tokyo, Japan Tokyo, Japan Trip Make the most of your short time in Paris with&#8230; Dubai, UAE Dubai, UAE Trip Make the most of your short time in Paris with&#8230; New York City, USA New York, US Trip Make the most of your short time in Paris&#8230; Santorini, Greece Santorini, Greece Trip Make the most of your short time in Paris with&#8230; Bali, Indonesia Bali, Indonesia Trip Make the most of your short time in Paris with&#8230;<\/p>\n","protected":false},"author":1,"featured_media":0,"parent":0,"menu_order":0,"comment_status":"closed","ping_status":"closed","template":"elementor_canvas","meta":{"footnotes":""},"class_list":["post-16","page","type-page","status-publish","hentry"],"acf":[],"_links":{"self":[{"href":"https:\/\/www.mayamartravel.com\/index.php\/wp-json\/wp\/v2\/pages\/16","targetHints":{"allow":["GET"]}}],"collection":[{"href":"https:\/\/www.mayamartravel.com\/index.php\/wp-json\/wp\/v2\/pages"}],"about":[{"href":"https:\/\/www.mayamartravel.com\/index.php\/wp-json\/wp\/v2\/types\/page"}],"author":[{"embeddable":true,"href":"https:\/\/www.mayamartravel.com\/index.php\/wp-json\/wp\/v2\/users\/1"}],"replies":[{"embeddable":true,"href":"https:\/\/www.mayamartravel.com\/index.php\/wp-json\/wp\/v2\/comments?post=16"}],"version-history":[{"count":9,"href":"https:\/\/www.mayamartravel.com\/index.php\/wp-json\/wp\/v2\/pages\/16\/revisions"}],"predecessor-version":[{"id":2836,"href":"https:\/\/www.mayamartravel.com\/index.php\/wp-json\/wp\/v2\/pages\/16\/revisions\/2836"}],"wp:attachment":[{"href":"https:\/\/www.mayamartravel.com\/index.php\/wp-json\/wp\/v2\/media?parent=16"}],"curies":[{"name":"wp","href":"https:\/\/api.w.org\/{rel}","templated":true}]}}