{"id":17,"date":"2025-01-18T17:06:28","date_gmt":"2025-01-18T17:06:28","guid":{"rendered":"https:\/\/demosites.royal-elementor-addons.com\/travel-agency-v3\/?page_id=17"},"modified":"2026-04-21T00:57:59","modified_gmt":"2026-04-21T00:57:59","slug":"packages","status":"publish","type":"page","link":"https:\/\/www.mayamartravel.com\/index.php\/packages\/","title":{"rendered":"Circuits"},"content":{"rendered":"\t\t<div data-elementor-type=\"wp-page\" data-elementor-id=\"17\" class=\"elementor elementor-17\">\n\t\t\t\t<div class=\"elementor-element elementor-element-83f4899 e-con-full e-flex wpr-particle-no wpr-jarallax-no wpr-parallax-no wpr-sticky-section-no wpr-equal-height-no e-con e-parent\" data-id=\"83f4899\" data-element_type=\"container\" data-e-type=\"container\">\n\t\t<div class=\"elementor-element elementor-element-f3e32a0 e-con-full e-flex wpr-particle-no wpr-jarallax-no wpr-parallax-no wpr-sticky-section-no wpr-equal-height-no e-con e-child\" data-id=\"f3e32a0\" data-element_type=\"container\" data-e-type=\"container\" data-settings=\"{&quot;background_background&quot;:&quot;classic&quot;}\">\n\t\t<div class=\"elementor-element elementor-element-ae3b8fb e-flex e-con-boxed wpr-particle-no wpr-jarallax-no wpr-parallax-no wpr-sticky-section-no wpr-equal-height-no e-con e-child\" data-id=\"ae3b8fb\" data-element_type=\"container\" data-e-type=\"container\">\n\t\t\t\t\t<div class=\"e-con-inner\">\n\t\t<div class=\"elementor-element elementor-element-0b05a6a e-flex e-con-boxed wpr-particle-no wpr-jarallax-no wpr-parallax-no wpr-sticky-section-no wpr-equal-height-no e-con e-child\" data-id=\"0b05a6a\" data-element_type=\"container\" data-e-type=\"container\">\n\t\t\t\t\t<div class=\"e-con-inner\">\n\t\t\t\t<div class=\"elementor-element elementor-element-69a9d59 elementor-widget elementor-widget-heading\" data-id=\"69a9d59\" data-element_type=\"widget\" data-e-type=\"widget\" data-widget_type=\"heading.default\">\n\t\t\t\t\t<h2 class=\"elementor-heading-title elementor-size-default\">Circuits Tunisie<\/h2>\t\t\t\t<\/div>\n\t\t\t\t<div class=\"elementor-element elementor-element-fce7253 elementor-widget elementor-widget-wpr-breadcrumbs-pro\" data-id=\"fce7253\" data-element_type=\"widget\" data-e-type=\"widget\" data-widget_type=\"wpr-breadcrumbs-pro.default\">\n\t\t\t\t\t<div class=\"wpr-post-breadcrumbs\"><ul class=\"wpr-breadcrumbs\"><li><a href=\"https:\/\/www.mayamartravel.com\">Accueil<\/a><\/li><li>\/<\/li><\/ul><\/div>\t\t\t\t<\/div>\n\t\t\t\t\t<\/div>\n\t\t\t\t<\/div>\n\t\t\t\t\t<\/div>\n\t\t\t\t<\/div>\n\t\t\t\t<\/div>\n\t\t\t\t<\/div>\n\t\t<div class=\"elementor-element elementor-element-ca9e190 e-flex e-con-boxed wpr-particle-no wpr-jarallax-no wpr-parallax-no wpr-sticky-section-no wpr-equal-height-no e-con e-parent\" data-id=\"ca9e190\" data-element_type=\"container\" data-e-type=\"container\">\n\t\t\t\t\t<div class=\"e-con-inner\">\n\t\t<div class=\"elementor-element elementor-element-0f5dc6a e-flex e-con-boxed wpr-particle-no wpr-jarallax-no wpr-parallax-no wpr-sticky-section-no wpr-equal-height-no e-con e-child\" data-id=\"0f5dc6a\" data-element_type=\"container\" data-e-type=\"container\">\n\t\t\t\t\t<div class=\"e-con-inner\">\n\t\t\t\t<div class=\"elementor-element elementor-element-8f53398 elementor-widget elementor-widget-heading\" data-id=\"8f53398\" data-element_type=\"widget\" data-e-type=\"widget\" data-widget_type=\"heading.default\">\n\t\t\t\t\t<h2 class=\"elementor-heading-title elementor-size-default\">Des circuits inoubliables<\/h2>\t\t\t\t<\/div>\n\t\t\t\t<div class=\"elementor-element elementor-element-669a465 elementor-widget elementor-widget-text-editor\" data-id=\"669a465\" data-element_type=\"widget\" data-e-type=\"widget\" data-widget_type=\"text-editor.default\">\n\t\t\t\t\t\t\t\t\t<div class=\"flex flex-col text-sm pb-25\"><article class=\"text-token-text-primary w-full focus:outline-none [--shadow-height:45px] has-data-writing-block:pointer-events-none has-data-writing-block:-mt-(--shadow-height) has-data-writing-block:pt-(--shadow-height) [&amp;:has([data-writing-block])&gt;*]:pointer-events-auto scroll-mt-[calc(var(--header-height)+min(200px,max(70px,20svh)))]\" dir=\"auto\" tabindex=\"-1\" data-turn-id=\"request-WEB:a2c833aa-ba36-4d08-9a08-9c4bb5ce9112-9\" data-testid=\"conversation-turn-6\" data-scroll-anchor=\"true\" data-turn=\"assistant\"><div class=\"text-base my-auto mx-auto pb-10 [--thread-content-margin:var(--thread-content-margin-xs,calc(var(--spacing)*4))] @w-sm\/main:[--thread-content-margin:var(--thread-content-margin-sm,calc(var(--spacing)*6))] @w-lg\/main:[--thread-content-margin:var(--thread-content-margin-lg,calc(var(--spacing)*16))] px-(--thread-content-margin)\"><div class=\"[--thread-content-max-width:40rem] @w-lg\/main:[--thread-content-max-width:48rem] mx-auto max-w-(--thread-content-max-width) flex-1 group\/turn-messages focus-visible:outline-hidden relative flex w-full min-w-0 flex-col agent-turn\" tabindex=\"-1\"><div class=\"flex max-w-full flex-col gap-4 grow\"><div class=\"min-h-8 text-message relative flex w-full flex-col items-end gap-2 text-start break-words whitespace-normal [.text-message+&amp;]:mt-1\" dir=\"auto\" data-message-author-role=\"assistant\" data-message-id=\"8382297a-cbe2-4267-9a7a-1df1a5705a72\" data-message-model-slug=\"gpt-5-3\"><div class=\"flex w-full flex-col gap-1 empty:hidden\"><div class=\"markdown prose dark:prose-invert w-full wrap-break-word dark markdown-new-styling\"><p data-start=\"0\" data-end=\"275\" data-is-last-node=\"\" data-is-only-node=\"\">D\u00e9couvrez la Tunisie autrement avec <strong data-start=\"63\" data-end=\"81\">Mayamar Travel<\/strong>. Profitez de circuits soigneusement pr\u00e9par\u00e9s par nos \u00e9quipes pour explorer les plus beaux sites, entre d\u00e9sert, oasis, m\u00e9dinas et plages, dans des conditions confortables et authentiques. \ud83c\udf34\ud83c\udf0d\u2708\ufe0f<\/p><\/div><\/div><\/div><\/div><\/div><\/div><\/article><\/div>\t\t\t\t\t\t\t\t<\/div>\n\t\t\t\t<div class=\"elementor-element elementor-element-971feb7 wpr-grid-columns-2 wpr-grid-columns--tablet1 wpr-grid-columns--laptop3 wpr-grid-columns--mobile1 wpr-grid-pagination-center wpr-item-styles-inner elementor-invisible elementor-widget elementor-widget-wpr-grid\" data-id=\"971feb7\" data-element_type=\"widget\" data-e-type=\"widget\" data-settings=\"{&quot;_animation&quot;:&quot;fadeIn&quot;}\" data-widget_type=\"wpr-grid.default\">\n\t\t\t\t\t<ul class=\"wpr-grid-filters elementor-clearfix wpr-grid-filters-sep-right\"><li class=\" wpr-pointer-none wpr-pointer-line-fx wpr-pointer-fx-fade\"><span  data-filter=\"*\" class=\"wpr-grid-filters-item wpr-active-filter \"><i class=\" wpr-grid-filters-icon-left\"><\/i><\/span><em class=\"wpr-grid-filters-sep\"><\/em><\/li><li class=\" wpr-pointer-none wpr-pointer-line-fx wpr-pointer-fx-fade wpr-hidden-element\"><span   data-ajax-filter=[\"category\",\"afrique\"]  data-filter=\".category-afrique\"><i class=\" wpr-grid-filters-icon-left\"><\/i>Afrique<\/span><em class=\"wpr-grid-filters-sep\"><\/em><\/li><li class=\" wpr-pointer-none wpr-pointer-line-fx wpr-pointer-fx-fade wpr-hidden-element\"><span   data-ajax-filter=[\"category\",\"sud-amerique\"]  data-filter=\".category-sud-amerique\"><i class=\" wpr-grid-filters-icon-left\"><\/i>Am\u00e9rique du sud<\/span><em class=\"wpr-grid-filters-sep\"><\/em><\/li><li class=\" wpr-pointer-none wpr-pointer-line-fx wpr-pointer-fx-fade wpr-hidden-element\"><span   data-ajax-filter=[\"category\",\"asie\"]  data-filter=\".category-asie\"><i class=\" wpr-grid-filters-icon-left\"><\/i>Asie<\/span><em class=\"wpr-grid-filters-sep\"><\/em><\/li><li class=\" wpr-pointer-none wpr-pointer-line-fx wpr-pointer-fx-fade wpr-hidden-element\"><span   data-ajax-filter=[\"category\",\"budget\"]  data-filter=\".category-budget\"><i class=\" wpr-grid-filters-icon-left\"><\/i>Budget<\/span><em class=\"wpr-grid-filters-sep\"><\/em><\/li><li class=\" wpr-pointer-none wpr-pointer-line-fx wpr-pointer-fx-fade wpr-hidden-element\"><span   data-ajax-filter=[\"category\",\"europe\"]  data-filter=\".category-europe\"><i class=\" wpr-grid-filters-icon-left\"><\/i>Europe<\/span><em class=\"wpr-grid-filters-sep\"><\/em><\/li><li class=\" wpr-pointer-none wpr-pointer-line-fx wpr-pointer-fx-fade wpr-hidden-element\"><span   data-ajax-filter=[\"category\",\"famille\"]  data-filter=\".category-famille\"><i class=\" wpr-grid-filters-icon-left\"><\/i>Famille<\/span><em class=\"wpr-grid-filters-sep\"><\/em><\/li><li class=\" wpr-pointer-none wpr-pointer-line-fx wpr-pointer-fx-fade wpr-hidden-element\"><span   data-ajax-filter=[\"category\",\"luxe\"]  data-filter=\".category-luxe\"><i class=\" wpr-grid-filters-icon-left\"><\/i>Luxe<\/span><em class=\"wpr-grid-filters-sep\"><\/em><\/li><li class=\" wpr-pointer-none wpr-pointer-line-fx wpr-pointer-fx-fade wpr-hidden-element\"><span   data-ajax-filter=[\"category\",\"non-classe\"]  data-filter=\".category-non-classe\"><i class=\" wpr-grid-filters-icon-left\"><\/i>Non class\u00e9<\/span><em class=\"wpr-grid-filters-sep\"><\/em><\/li><li class=\" wpr-pointer-none wpr-pointer-line-fx wpr-pointer-fx-fade\"><span   data-ajax-filter=[\"category\",\"randonnee\"]  data-filter=\".category-randonnee\"><i class=\" wpr-grid-filters-icon-left\"><\/i>Randonn\u00e9e<\/span><em class=\"wpr-grid-filters-sep\"><\/em><\/li><li class=\" wpr-pointer-none wpr-pointer-line-fx wpr-pointer-fx-fade wpr-hidden-element\"><span   data-ajax-filter=[\"category\",\"solo\"]  data-filter=\".category-solo\"><i class=\" wpr-grid-filters-icon-left\"><\/i>Solo<\/span><em class=\"wpr-grid-filters-sep\"><\/em><\/li><li class=\" wpr-pointer-none wpr-pointer-line-fx wpr-pointer-fx-fade\"><span   data-ajax-filter=[\"category\",\"tunisie\"]  data-filter=\".category-tunisie\"><i class=\" wpr-grid-filters-icon-left\"><\/i>Tunisie<\/span><em class=\"wpr-grid-filters-sep\"><\/em><\/li><\/ul><section class=\"wpr-grid elementor-clearfix\" data-settings=\"{&quot;layout&quot;:&quot;masonry&quot;,&quot;stick_last_element_to_bottom&quot;:&quot;no&quot;,&quot;columns_desktop&quot;:&quot;2&quot;,&quot;gutter_hr&quot;:40,&quot;gutter_hr_mobile&quot;:40,&quot;gutter_hr_mobile_extra&quot;:40,&quot;gutter_hr_tablet&quot;:40,&quot;gutter_hr_tablet_extra&quot;:40,&quot;gutter_hr_laptop&quot;:40,&quot;gutter_hr_widescreen&quot;:40,&quot;gutter_vr&quot;:40,&quot;gutter_vr_mobile&quot;:40,&quot;gutter_vr_mobile_extra&quot;:40,&quot;gutter_vr_tablet&quot;:40,&quot;gutter_vr_tablet_extra&quot;:40,&quot;gutter_vr_laptop&quot;:40,&quot;gutter_vr_widescreen&quot;:40,&quot;animation&quot;:&quot;default&quot;,&quot;animation_duration&quot;:0.3,&quot;animation_delay&quot;:0.1,&quot;deeplinking&quot;:&quot;no&quot;,&quot;filters_linkable&quot;:&quot;no&quot;,&quot;filters_default_filter&quot;:&quot;&quot;,&quot;filters_count&quot;:&quot;no&quot;,&quot;filters_hide_empty&quot;:&quot;yes&quot;,&quot;filters_animation&quot;:&quot;default&quot;,&quot;filters_animation_duration&quot;:0.3,&quot;filters_animation_delay&quot;:0.1,&quot;pagination_type&quot;:&quot;load-more&quot;,&quot;pagination_max_pages&quot;:1,&quot;lightbox&quot;:{&quot;selector&quot;:&quot;.wpr-grid-image-wrap&quot;,&quot;iframeMaxWidth&quot;:&quot;60%&quot;,&quot;hash&quot;:false,&quot;autoplay&quot;:&quot;true&quot;,&quot;pause&quot;:5000,&quot;progressBar&quot;:&quot;true&quot;,&quot;counter&quot;:&quot;true&quot;,&quot;controls&quot;:&quot;true&quot;,&quot;getCaptionFromTitleOrAlt&quot;:&quot;true&quot;,&quot;thumbnail&quot;:&quot;true&quot;,&quot;showThumbByDefault&quot;:&quot;true&quot;,&quot;share&quot;:&quot;true&quot;,&quot;zoom&quot;:&quot;true&quot;,&quot;fullScreen&quot;:&quot;true&quot;,&quot;download&quot;:&quot;true&quot;}}\" data-advanced-filters=\"no\"><article class=\"wpr-grid-item elementor-clearfix post-683 post type-post status-publish format-standard has-post-thumbnail hentry category-randonnee category-tunisie\"><div class=\"wpr-grid-item-inner\"><div class=\"wpr-grid-media-wrap wpr-effect-size-medium \" data-overlay-link=\"yes\"><div class=\"wpr-grid-image-wrap\" data-src=\"https:\/\/www.mayamartravel.com\/wp-content\/uploads\/2026\/04\/04.jpg\" data-img-on-hover=\"\"  data-src-secondary=\"\"><img decoding=\"async\" data-no-lazy=\"1\" src=\"https:\/\/www.mayamartravel.com\/wp-content\/uploads\/2026\/04\/04.jpg\" alt=\"Randonn\u00e9e \u0625\u0644\u0649 \u0634\u0644\u0627\u0644\u0627\u062a \u0639\u064a\u0646 \u0645\u0627\u0632\u0631 10\/05\/2026\" class=\"wpr-anim-timing-ease-default\"><\/div><div class=\"wpr-grid-media-hover wpr-animation-wrap\"><div class=\"wpr-grid-media-hover-bg  wpr-overlay-fade-out wpr-anim-size-large wpr-anim-timing-ease-default wpr-anim-transparency\" data-url=\"https:\/\/www.mayamartravel.com\/index.php\/2026\/04\/10\/randonne1005\/\"><\/div><div class=\"wpr-grid-media-hover-top elementor-clearfix\"><div class=\"wpr-grid-item-category elementor-repeater-item-b898538 wpr-grid-item-display-block wpr-grid-item-align-left wpr-pointer-none wpr-pointer-line-fx wpr-pointer-fx-fade wpr-grid-tax-style-1\"><div class=\"inner-block\"><a class=\"wpr-pointer-item wpr-tax-id-27\" href=\"https:\/\/www.mayamartravel.com\/index.php\/category\/randonnee\/\">Randonn\u00e9e<span class=\"tax-sep\"><\/span><\/a><a class=\"wpr-pointer-item wpr-tax-id-28\" href=\"https:\/\/www.mayamartravel.com\/index.php\/category\/tunisie\/\">Tunisie<\/a><\/div><\/div><\/div><div class=\"wpr-grid-media-hover-bottom elementor-clearfix\"><h2 class=\"wpr-grid-item-title elementor-repeater-item-bdd4dab wpr-grid-item-display-block wpr-grid-item-align-left wpr-pointer-none wpr-pointer-line-fx wpr-pointer-fx-slide\"><div class=\"inner-block\"><a target=\"_self\"  href=\"https:\/\/www.mayamartravel.com\/index.php\/2026\/04\/10\/randonne1005\/\">Randonn\u00e9e \u0625\u0644\u0649 \u0634\u0644\u0627\u0644\u0627\u062a \u0639\u064a\u0646 \u0645\u0627\u0632\u0631 10\/05\/2026<\/a><\/div><\/h2><div class=\"wpr-grid-item-excerpt elementor-repeater-item-b1d476b wpr-grid-item-display-block wpr-grid-item-align-left\"><div class=\"inner-block\"><p>Randonn\u00e9e \u0625\u0644\u0649 \u0634\u0644\u0627\u0644\u0627\u062a \u0639\u064a\u0646 \u0645\u0627\u0632\u0631 \u062a\u062d\u0628 \u062a\u0647\u0631\u0628 \u0634\u0648\u064a\u0629 \u0645\u0646 \u0636\u063a\u0637 \u0627\u0644\u062d\u064a\u0627\u0629\u061f \u062a\u062d\u0628...<\/p><\/div><\/div><\/div><\/div><\/div><\/div><\/article><\/section>\t\t\t\t<\/div>\n\t\t\t\t\t<\/div>\n\t\t\t\t<\/div>\n\t\t\t\t\t<\/div>\n\t\t\t\t<\/div>\n\t\t\t\t<\/div>\n\t\t","protected":false},"excerpt":{"rendered":"<p>Circuits Tunisie Accueil \/ Des circuits inoubliables D\u00e9couvrez la Tunisie autrement avec Mayamar Travel. Profitez de circuits soigneusement pr\u00e9par\u00e9s par nos \u00e9quipes pour explorer les plus beaux sites, entre d\u00e9sert, oasis, m\u00e9dinas et plages, dans des conditions confortables et authentiques. \ud83c\udf34\ud83c\udf0d\u2708\ufe0f Afrique Am\u00e9rique du sud Asie Budget Europe Famille Luxe Non class\u00e9 Randonn\u00e9e Solo AsieEurope Randonn\u00e9 Randonn\u00e9e \u0625\u0644\u0649 \u0634\u0644\u0627\u0644\u0627\u062a \u0639\u064a\u0646 \u0645\u0627\u0632\u0631 \u062a\u062d\u0628 \u062a\u0647\u0631\u0628 \u0634\u0648\u064a\u0629 \u0645\u0646 \u0636\u063a\u0637 \u0627\u0644\u062d\u064a\u0627\u0629\u061f \u062a\u062d\u0628&#8230;<\/p>\n","protected":false},"author":1,"featured_media":0,"parent":0,"menu_order":0,"comment_status":"closed","ping_status":"closed","template":"elementor_canvas","meta":{"footnotes":""},"class_list":["post-17","page","type-page","status-publish","hentry"],"acf":[],"_links":{"self":[{"href":"https:\/\/www.mayamartravel.com\/index.php\/wp-json\/wp\/v2\/pages\/17","targetHints":{"allow":["GET"]}}],"collection":[{"href":"https:\/\/www.mayamartravel.com\/index.php\/wp-json\/wp\/v2\/pages"}],"about":[{"href":"https:\/\/www.mayamartravel.com\/index.php\/wp-json\/wp\/v2\/types\/page"}],"author":[{"embeddable":true,"href":"https:\/\/www.mayamartravel.com\/index.php\/wp-json\/wp\/v2\/users\/1"}],"replies":[{"embeddable":true,"href":"https:\/\/www.mayamartravel.com\/index.php\/wp-json\/wp\/v2\/comments?post=17"}],"version-history":[{"count":19,"href":"https:\/\/www.mayamartravel.com\/index.php\/wp-json\/wp\/v2\/pages\/17\/revisions"}],"predecessor-version":[{"id":3028,"href":"https:\/\/www.mayamartravel.com\/index.php\/wp-json\/wp\/v2\/pages\/17\/revisions\/3028"}],"wp:attachment":[{"href":"https:\/\/www.mayamartravel.com\/index.php\/wp-json\/wp\/v2\/media?parent=17"}],"curies":[{"name":"wp","href":"https:\/\/api.w.org\/{rel}","templated":true}]}}